97 is divided by g.
29
Suppose -14290*k + 14283*k = -154. Calculate the remainder when 82 is divided by k.
16
Let x(a) = 3*a + 3*a**2 - a**2 - 13*a - 27 + 3*a**2. Calculate the remainder when x(8) is divided by 12.
9
Suppose -4*w + 16 = d + 4*d, 0 = 4*w + 4. Let f(m) = 5*m - 5. What is the remainder when 28 is divided by f(d)?
13
Suppose 146*q = 150*q - 48. Let u be (-3)/(-3)*-3*-1. Suppose 5*h = -w + 106, 5*h + 13 = u*w + 135. Calculate the remainder when h is divided by q.
10
Let p be 1085/(-45) - (-7)/63. Let j = 6 + 6. What is the remainder when p/4*(-165)/30 is divided by j?
9
Suppose -52*x - 31 + 462 = -141. Calculate the remainder when 1527 is divided by x.
9
Let q(c) = -2*c + 12. Let y be q(4). Suppose 3*t - 19 = y*w + 324, 4 = 4*t. Let s = -29 - w. What is the remainder when s is divided by 19?
18
Let g be 2596/154 - (3 + (-44)/14). Suppose b = -2*c + 67, -14*b + 114 = 3*c - g*b. Calculate the remainder when 172 is divided by c.
32
Suppose 3*j = 4*x + 3472 + 42274, 5*j - 76195 = -3*x. Suppose j + 3062 = 44*f. Calculate the remainder when f is divided by 11.
9
Suppose -2*q + 15918 = 15632. Calculate the remainder when 5860 is divided by q.
140
Suppose 2*z = -z - 2*l - 155, -z + 4*l - 33 = 0. Let t = z + 53. Calculate the remainder when 101 is divided by (1 - 4) + 156/t.
29
Let x be ((-6)/(-4) + -2)/((-9)/(-72)). Let k be 4/16*(3 + (-3 - x)). Suppose 3*f + 5 = d - k, 15 = 3*f. What is the remainder when 82 is divided by d?
19
Suppose 5*a - 3*m = 261, a - 2*m + 0 = 55. Suppose 40 = -3*q - 5*l, 5*q + 25 + a = l. Calculate the remainder when 169 is divided by (-50)/q*(-204)/(-20).
33
Suppose 23 = -9*t + 68. Suppose 0 = -7*w + t + 16. Suppose -j = 4*v - 36 - 22, w*j - 4*v - 190 = 0. What is the remainder when j is divided by 32?
30
Let o = -23266 + 29223. What is the remainder when o is divided by 6?
5
Suppose 6*q - 5*q - 3*v = 193, -4*q + 5*v + 772 = 0. Suppose 0 = 3*t + 58 - q. Suppose -11*l = -t - 43. Calculate the remainder when 9 is divided by l.
1
Suppose 2*l + 12 = 2*w, -49 = 10*l - 6*l + w. Let m(f) = -4*f - 2. What is the remainder when m(l) is divided by 11?
9
Let m = -3298 - -3365. Calculate the remainder when 184 is divided by m.
50
Let a = -613 + 757. Suppose 3*z - 2*g = -5*g + 99, 4*z = -g + a. Suppose -543 = l - 4*l. Calculate the remainder when l is divided by z.
33
Let q(o) = -4*o**2 - 18*o + 97. Let g be q(8). Let p = 350 + g. What is the remainder when p is divided by 17?
13
Suppose 4*x - 779 + 91 = 0. Let u(h) = 14*h**2 + 281*h + 564. What is the remainder when x is divided by u(-2)?
56
Let v = 62 - -16. Let d = -12 - 18. Let w = 46 + d. Calculate the remainder when v is divided by w.
14
Let d(l) = 2*l**2 + l - 503. Calculate the remainder when d(22) is divided by 61.
60
Let p(i) = -7*i**2 - 989*i - 100. What is the remainder when p(-141) is divided by 25?
7
Suppose 7*o - 4*o + 1621 = 4*s, 0 = -5*s - 10. Let h = 1045 + o. What is the remainder when h is divided by 63?
61
Suppose -o - o - 6 = 2*c, 3*c - 2*o + 29 = 0. Let r = -7 - c. Suppose 5*n = -4*z + 126, 5*n = -r*n + z + 106. Calculate the remainder when n is divided by 5.
2
Let p(n) = 391*n**3 - 2*n**2 + 4*n - 3. Let t be p(1). Suppose 0 = -20*l + 7*l + t. What is the remainder when l is divided by 64/12*18/12?
6
Let j(i) = -2*i**3 - 5*i**2 - 23*i - 73. What is the remainder when 692 is divided by j(-4)?
22
Suppose 0 = -497*a + 473*a + 1896. What is the remainder when a is divided by 8?
7
Let x be (16/10 - (0 - 2))*-25. Calculate the remainder when 135 is divided by 50/(x/9)*34/(-5).
33
Let f(v) = -490*v + 504. Calculate the remainder when 2364 is divided by f(1).
12
Let t = 13137 - 13099. What is the remainder when 634 is divided by t?
26
Suppose 373 = 5*x - 3*q, 5*q - 97 = -2*x + x. Suppose 130*w = 132*w + 10. Calculate the remainder when x is divided by (20/(-14))/(282/(-56) - w).
37
Suppose 52*u - 3920 = 57*u. Let t = u - -999. What is the remainder when t is divided by 54?
53
Let j(y) = -y**3 + 11*y**2 - 10*y + 13. Let i = 22 + 13. Let d = -25 + i. Calculate the remainder when j(d) is divided by 7.
6
Suppose -63 = -4*k + k. Suppose -270 = 4*i - 5*w, 4*i + 5*w = 3*i - 80. Let x = i - -81. Calculate the remainder when k is divided by x.
10
Let z(q) be the second derivative of 17*q**3/6 + 131*q**2/2 + q - 5. Calculate the remainder when 203 is divided by z(-7).
11
Suppose 3 - 42 = -x. Suppose -3*r + 83 = -4*o, 3*r - 742*o = -744*o + 71. Calculate the remainder when x is divided by r.
14
Suppose x - 1 = 1. Suppose 3*j - 2*j - 129 = -x*f, 4*f + 226 = 2*j. Calculate the remainder when j is divided by 25.
21
Let x(c) = c**3 + 18*c**2 + 49*c - 87. What is the remainder when 280 is divided by x(-14)?
5
Let k(u) = 331*u + 86. Let s = -84 - -168. Calculate the remainder when k(1) is divided by s.
81
Let i(u) = 6*u - 21. Let h be i(10). Suppose 11*w - h = 280. What is the remainder when 110 is divided by w?
23
Let l(u) be the third derivative of -u**5/60 + 25*u**4/24 + 5*u**3/6 + 3*u**2 + 5*u. What is the remainder when l(5) is divided by 14?
7
What is the remainder when -9*(-9 - -70)*-1 is divided by (-1)/(1 + 20/(-19))?
17
Let t be 2*(-1)/6*-3. Let p(g) = 34*g**3 + g**2. What is the remainder when p(t) is divided by 15 - (7/1 + -11)?
16
Let l(b) = 7*b**3 - 106*b**2 + 11*b + 68. Calculate the remainder when 5375 is divided by l(15).
7
Let f = -41 + 78. What is the remainder when 425 is divided by f?
18
Suppose -4*j - 5*o + 1200 = 0, -176 = j - o - 485. Calculate the remainder when j is divided by 63.
53
Suppose 2*o + 878 = 4*p, 58*p = 62*p + o - 905. What is the remainder when 662 is divided by p?
214
Let o(r) = -4708*r + 44. Let p be o(-7). Calculate the remainder when (-1 - 6/(-10))/((-88)/p) is divided by 38.
36
Let s(i) = -i**2 + 143*i + 1799. Calculate the remainder when s(152) is divided by 105.
11
Suppose -15*w = -4*w - 7*w - 400. What is the remainder when w is divided by 43?
14
Suppose h - 6*z = -9*z + 15, 5*z = 5. Calculate the remainder when -1*(508/(-16))/(3/h) is divided by 44.
39
Let x(m) = 2*m**2 + 28*m - 51. Let l be x(-20). Suppose -4*v = 5*j - l, 10 + 88 = 3*v - 5*j. What is the remainder when v is divided by 22?
19
Let n = 462 + -652. Let l = -175 - n. What is the remainder when 69 is divided by l?
9
Suppose 0 = 5*p - 5*b - 1135, 245 = -5*p + 6*p + 2*b. Calculate the remainder when 478 is divided by p.
12
Let d = 845 + -513. What is the remainder when d is divided by 71?
48
Suppose 0 = 3*h + 3*q - 5454, -h + 1248 + 558 = -q. What is the remainder when 3624 is divided by h?
0
What is the remainder when (45/(-12))/((-75)/9200) is divided by 39?
31
Suppose -4*y = -g - 133, y - 72*g = -73*g + 27. Suppose -4*z = -680 + 72. Calculate the remainder when z is divided by y.
24
Let a be 258/9 + (-2)/3. Suppose 3*y + a - 88 = 0. Suppose 60 + 36 = 3*p. Calculate the remainder when p is divided by y.
12
Suppose 100*y - 97*y - 2385 = 0. Let l = y - 788. Calculate the remainder when 56 is divided by l.
0
Let s(w) = 3 + 13*w - 3*w**2 - 3. Let t(m) = -m**3 - m**2 - 1. Let f(i) = -s(i) - t(i). What is the remainder when 48 is divided by f(3)?
23
Let d(z) = z**3 + 8*z**2 + z + 11. Let h be d(-8). Let x = 532 - 296. Suppose -k = -h*i + x, 2*i + i - 233 = 4*k. What is the remainder when i is divided by 40?
39
Suppose -15561*q + 2730 = -15540*q. Calculate the remainder when 2076 is divided by q.
126
Suppose 16*d - 57 = -3*d. Suppose -5*g + 17 = 4*h + d, 4*h + 16 = 0. What is the remainder when 33 is divided by g?
3
Suppose 11*i = 10*i + 2469. Let z = -1707 + i. What is the remainder when z is divided by 7?
6
Let r = -97 - -658. Let b = -446 + r. Calculate the remainder when b is divided by 17.
13
Let v = 32 - 22. Let w(f) = 3*f**3 - 29*f**2 - 9*f + 7. Calculate the remainder when w(v) is divided by 5.
2
Suppose 73 = -w + 2*w + 5. Calculate the remainder when 68 is divided by w.
0
Suppose 37*q - 58*q - 636 = -127*q. Suppose -3*u + 229 = 4*l + 19, 0 = -2*l - 4*u + 110. Calculate the remainder when l is divided by q.
3
Let d(z) = 7*z**2 - 4*z - 4. Let y = -40 + 47. Let s = y - 3. Calculate the remainder when d(2) is divided by s.
0
Suppose 0 = -5*i - 15, 6*y - 85 = i + 218. What is the remainder when 590 is divided by y?
40
Suppose -3*r + 3*n = n - 1, -r + 4*n - 3 = 0. Calc